{"id":341,"date":"2026-05-14T23:17:33","date_gmt":"2026-05-14T21:17:33","guid":{"rendered":"https:\/\/elinorspelen.sharpmedia.se\/?page_id=341"},"modified":"2026-05-16T18:40:15","modified_gmt":"2026-05-16T16:40:15","slug":"artister-som-spelat","status":"publish","type":"page","link":"https:\/\/elinorspelen.sharpmedia.se\/?page_id=341","title":{"rendered":"Artister som spelat"},"content":{"rendered":"\t\t<div data-elementor-type=\"wp-page\" data-elementor-id=\"341\" class=\"elementor elementor-341\" data-elementor-post-type=\"page\">\n\t\t\t\t<div class=\"elementor-element elementor-element-50e948b e-con-full e-flex e-con e-parent\" data-id=\"50e948b\" data-element_type=\"container\" data-e-type=\"container\" data-settings=\"{&quot;background_background&quot;:&quot;classic&quot;}\">\n\t\t<div class=\"elementor-element elementor-element-915079a e-con-full e-flex e-con e-child\" data-id=\"915079a\" data-element_type=\"container\" data-e-type=\"container\">\n\t\t\t\t<div class=\"elementor-element elementor-element-28c651d elementor-widget elementor-widget-heading\" data-id=\"28c651d\" data-element_type=\"widget\" data-e-type=\"widget\" data-widget_type=\"heading.default\">\n\t\t\t\t\t<p class=\"elementor-heading-title elementor-size-default\">Historia<\/p>\t\t\t\t<\/div>\n\t\t\t\t<div class=\"elementor-element elementor-element-5e2f472 elementor-widget elementor-widget-heading\" data-id=\"5e2f472\" data-element_type=\"widget\" data-e-type=\"widget\" data-widget_type=\"heading.default\">\n\t\t\t\t\t<h1 class=\"elementor-heading-title elementor-size-default\">Artister som spelat<\/h1>\t\t\t\t<\/div>\n\t\t\t\t<\/div>\n\t\t\t\t<\/div>\n\t\t<div class=\"elementor-element elementor-element-f151619 e-flex e-con-full e-con e-parent\" data-id=\"f151619\" data-element_type=\"container\" data-e-type=\"container\" data-settings=\"{&quot;background_background&quot;:&quot;classic&quot;}\">\n\t\t\t\t\t\t\t<h2 \n\t\tdata-interaction-id=\"8d14237\" \n\t\tclass=\"about-heading e-heading-base\" \n\t\t \n\t\tdata-e-type=\"widget\" data-id=\"8d14237\"\n\t>\n\t\n\t\t\tAlla artister genom \u00e5ren\n\t\t<\/h2>\n\t\t\t\t\t\t\t<h3 \n\t\tdata-interaction-id=\"40c9048\" \n\t\tclass=\"about-heading e-heading-base\" \n\t\t \n\t\tdata-e-type=\"widget\" data-id=\"40c9048\"\n\t>\n\t\n\t\t\tFestival 2025\n\t\t<\/h3>\n\t\t\t\t\t\t\t\t<p class=\"about-body e-paragraph-base\" data-interaction-id=\"0129a2f\"  data-e-type=\"widget\" data-id=\"0129a2f\">\n\t\t\t\t\t\t\t\tELD | Miraklet | Elinor | Patrik Isaksson | Threshold | Man On The Hill\n\t\t\t\t\t<\/p>\n\t\t\t\t\t\t\t<h3 \n\t\tdata-interaction-id=\"f494ee0\" \n\t\tclass=\"about-heading e-heading-base\" \n\t\t \n\t\tdata-e-type=\"widget\" data-id=\"f494ee0\"\n\t>\n\t\n\t\t\tFestival 2024\n\t\t<\/h3>\n\t\t\t\t\t\t\t\t<p class=\"about-body e-paragraph-base\" data-interaction-id=\"4f93078\"  data-e-type=\"widget\" data-id=\"4f93078\">\n\t\t\t\t\t\t\t\tHaapala & Kimberly | Dead in love | Marcus Berggren | Axel Sonden | Ola Aurell | Elinor | Cirkus Miramar | Frida Franzen\n\t\t\t\t\t<\/p>\n\t\t\t\t\t\t\t<h3 \n\t\tdata-interaction-id=\"08fccdc\" \n\t\tclass=\"about-heading e-heading-base\" \n\t\t \n\t\tdata-e-type=\"widget\" data-id=\"08fccdc\"\n\t>\n\t\n\t\t\tFestival 2023\n\t\t<\/h3>\n\t\t\t\t\t\t\t\t<p class=\"about-body e-paragraph-base\" data-interaction-id=\"b09f413\"  data-e-type=\"widget\" data-id=\"b09f413\">\n\t\t\t\t\t\t\t\tBANDAID | WormRose | Murre Eriksson | Easy October | Elinor | Ola Aurell | Emil Johansson\n\t\t\t\t\t<\/p>\n\t\t\t\t\t\t\t<h3 \n\t\tdata-interaction-id=\"dfd56d5\" \n\t\tclass=\"about-heading e-heading-base\" \n\t\t \n\t\tdata-e-type=\"widget\" data-id=\"dfd56d5\"\n\t>\n\t\n\t\t\tFestival 2022\n\t\t<\/h3>\n\t\t\t\t\t\t\t\t<p class=\"about-body e-paragraph-base\" data-interaction-id=\"132efeb\"  data-e-type=\"widget\" data-id=\"132efeb\">\n\t\t\t\t\t\t\t\tMimikry | Julius Marstorp | Elinor | BRAINCOATS | Miraklet | Helena E\n\t\t\t\t\t<\/p>\n\t\t\t\t\t\t\t<h3 \n\t\tdata-interaction-id=\"2f00a09\" \n\t\tclass=\"about-heading e-heading-base\" \n\t\t \n\t\tdata-e-type=\"widget\" data-id=\"2f00a09\"\n\t>\n\t\n\t\t\tFestival 2021\n\t\t<\/h3>\n\t\t\t\t\t\t\t\t<p class=\"about-body e-paragraph-base\" data-interaction-id=\"663fd3a\"  data-e-type=\"widget\" data-id=\"663fd3a\">\n\t\t\t\t\t\t\t\tLoke | Skr\u00d6let fr\u00e5n vildmarken | Annika Winberg | Carl-Fredrik Larsson\n\t\t\t\t\t<\/p>\n\t\t\t\t\t\t\t<h3 \n\t\tdata-interaction-id=\"292a1c5\" \n\t\tclass=\"about-heading e-heading-base\" \n\t\t \n\t\tdata-e-type=\"widget\" data-id=\"292a1c5\"\n\t>\n\t\n\t\t\tFestival 2020\n\t\t<\/h3>\n\t\t\t\t\t\t\t\t<p class=\"about-body e-paragraph-base\" data-interaction-id=\"20d278c\"  data-e-type=\"widget\" data-id=\"20d278c\">\n\t\t\t\t\t\t\t\t2020 st\u00e4lldes festivalen in\n\t\t\t\t\t<\/p>\n\t\t\t\t\t\t\t<h3 \n\t\tdata-interaction-id=\"58d846d\" \n\t\tclass=\"about-heading e-heading-base\" \n\t\t \n\t\tdata-e-type=\"widget\" data-id=\"58d846d\"\n\t>\n\t\n\t\t\tFestival 2019\n\t\t<\/h3>\n\t\t\t\t\t\t\t\t<p class=\"about-body e-paragraph-base\" data-interaction-id=\"aa484ac\"  data-e-type=\"widget\" data-id=\"aa484ac\">\n\t\t\t\t\t\t\t\tK\u00e5rp | Ola Aurell | Ignore the Elephant | Elina Ryd | Glenn Udehn | Ravendal | Miamas | Elinor\n\t\t\t\t\t<\/p>\n\t\t\t\t\t\t\t<h3 \n\t\tdata-interaction-id=\"6fdc8ca\" \n\t\tclass=\"about-heading e-heading-base\" \n\t\t \n\t\tdata-e-type=\"widget\" data-id=\"6fdc8ca\"\n\t>\n\t\n\t\t\tFestival 2018\n\t\t<\/h3>\n\t\t\t\t\t\t\t\t<p class=\"about-body e-paragraph-base\" data-interaction-id=\"ae1b65e\"  data-e-type=\"widget\" data-id=\"ae1b65e\">\n\t\t\t\t\t\t\t\tIndiel\u00e5n | FRIDA | Sophia Tako | Ella Blixt | Mohlavyr | Jens Hult | Skr\u00d6let fr\u00e5n vildmarken | Ola Aurell | Ignore the Elephant | The Wife | Karelen | Mazeheads | Flat Out | Elinor\n\t\t\t\t\t<\/p>\n\t\t\t\t\t\t\t<h3 \n\t\tdata-interaction-id=\"ec2e8b3\" \n\t\tclass=\"about-heading e-heading-base\" \n\t\t \n\t\tdata-e-type=\"widget\" data-id=\"ec2e8b3\"\n\t>\n\t\n\t\t\tFestival 2017\n\t\t<\/h3>\n\t\t\t\t\t\t\t\t<p class=\"about-body e-paragraph-base\" data-interaction-id=\"f6a183c\"  data-e-type=\"widget\" data-id=\"f6a183c\">\n\t\t\t\t\t\t\t\tAmanda Selinder | Loke | Mohlavyr | Kristian Anttila | Skr\u00d6let fr\u00e5n vildmarken | The Wife | Tilde Hjelm | FLAWS | Ignore the Elephant | Berg & Bedragare | The Naima Train | Sophia Tako | Colour me in | Annika Winberg\n\t\t\t\t\t<\/p>\n\t\t\t\t\t\t\t<h3 \n\t\tdata-interaction-id=\"312d83b\" \n\t\tclass=\"about-heading e-heading-base\" \n\t\t \n\t\tdata-e-type=\"widget\" data-id=\"312d83b\"\n\t>\n\t\n\t\t\tFestival 2016\n\t\t<\/h3>\n\t\t\t\t\t\t\t\t<p class=\"about-body e-paragraph-base\" data-interaction-id=\"e6a74dc\"  data-e-type=\"widget\" data-id=\"e6a74dc\">\n\t\t\t\t\t\t\t\tThe Wife | Ravendal | Berg & Bedragare | Silence of Surrender | M\u00e4be | Broken Colors | Mohlavyr | Skr\u00d6let fr\u00e5n vildmarken | Raw Vibe Entertainment | The Sympathy | \u00d6hrn | Lotta Klerfalk | Annika Winberg | The Sugar Kram | Elinor | Ravendal | Henny, Jasmin och Caroline\n\t\t\t\t\t<\/p>\n\t\t\t\t\t\t\t<h3 \n\t\tdata-interaction-id=\"b7457af\" \n\t\tclass=\"about-heading e-heading-base\" \n\t\t \n\t\tdata-e-type=\"widget\" data-id=\"b7457af\"\n\t>\n\t\n\t\t\tFestival 2015\n\t\t<\/h3>\n\t\t\t\t\t\t\t\t<p class=\"about-body e-paragraph-base\" data-interaction-id=\"c8a9598\"  data-e-type=\"widget\" data-id=\"c8a9598\">\n\t\t\t\t\t\t\t\tDe lyckliga kompisarna | The Wife | Kung Ottokar | The Naima Train | Ravendal | Skr\u00d6let fr\u00e5n vildmarken | Marie Lindberg | don't trust Vegas | Loke | K. | Annika Winberg | The Bongo Club | The Stomping Academy | Charlotte Klerfalk | Kaskelott | Elinor\n\t\t\t\t\t<\/p>\n\t\t\t\t\t\t\t<h3 \n\t\tdata-interaction-id=\"05d574f\" \n\t\tclass=\"about-heading e-heading-base\" \n\t\t \n\t\tdata-e-type=\"widget\" data-id=\"05d574f\"\n\t>\n\t\n\t\t\tFestival 2014\n\t\t<\/h3>\n\t\t\t\t\t\t\t\t<p class=\"about-body e-paragraph-base\" data-interaction-id=\"eee0ae6\"  data-e-type=\"widget\" data-id=\"eee0ae6\">\n\t\t\t\t\t\t\t\tThe Wife | The Shy Lips | Johan L\u00f6\u00f6w & Impulserna | Don't Trust Vegas | David Urwitz | Silence of Surrender | Kung Ottokar | Instant Pose | The Naima Train | Loke | Human And I | Downtown Judy | Ravendal | Elinor | Annika and Ulf\n\t\t\t\t\t<\/p>\n\t\t\t\t\t\t\t<h3 \n\t\tdata-interaction-id=\"95b733c\" \n\t\tclass=\"about-heading e-heading-base\" \n\t\t \n\t\tdata-e-type=\"widget\" data-id=\"95b733c\"\n\t>\n\t\n\t\t\tFestival 2013\n\t\t<\/h3>\n\t\t\t\t\t\t\t\t<p class=\"about-body e-paragraph-base\" data-interaction-id=\"603179c\"  data-e-type=\"widget\" data-id=\"603179c\">\n\t\t\t\t\t\t\t\tIda Redig | Loke | Christoffer Berg | Kristoffer Hedberg | Amanda Selinder | The Wife | Prospect 2.0 | Kung Ottokar | Friends on Glide | The Gardeners | Olivia Lundberg | Lotta Klerfalk | Braincoats | BFM | Elinor\n\t\t\t\t\t<\/p>\n\t\t\t\t\t\t\t<h3 \n\t\tdata-interaction-id=\"eeff657\" \n\t\tclass=\"about-heading e-heading-base\" \n\t\t \n\t\tdata-e-type=\"widget\" data-id=\"eeff657\"\n\t>\n\t\n\t\t\tFestival 2012\n\t\t<\/h3>\n\t\t\t\t\t\t\t\t<p class=\"about-body e-paragraph-base\" data-interaction-id=\"ea66707\"  data-e-type=\"widget\" data-id=\"ea66707\">\n\t\t\t\t\t\t\t\tThe Superjams | Lotta Klerfalk | Tyst teater | Olivia Lundberg | The tapes | Lars Wallin And The TribeLars | College Fall (AU) | Kristoffer Hedberg | David Urwitz | Amanda Selinder | Christoffer Berg | Friends on Glide | Johan L\u00f6\u00f6w & Impulserna | K. | Elinor\n\t\t\t\t\t<\/p>\n\t\t\t\t\t\t\t<h3 \n\t\tdata-interaction-id=\"ca75103\" \n\t\tclass=\"about-heading e-heading-base\" \n\t\t \n\t\tdata-e-type=\"widget\" data-id=\"ca75103\"\n\t>\n\t\n\t\t\tFestival 2011\n\t\t<\/h3>\n\t\t\t\t\t\t\t\t<p class=\"about-body e-paragraph-base\" data-interaction-id=\"90e9ecc\"  data-e-type=\"widget\" data-id=\"90e9ecc\">\n\t\t\t\t\t\t\t\tIda Redig | Amanda Selinder | Little Miss Trouble | K. | M\u00e4be | Two Headed Dog | Niklas Petri | A Vain Season | Seconds Fly | Void | So What | Elinor\n\t\t\t\t\t<\/p>\n\t\t\t\t\t\t\t<h3 \n\t\tdata-interaction-id=\"dbee564\" \n\t\tclass=\"about-heading e-heading-base\" \n\t\t \n\t\tdata-e-type=\"widget\" data-id=\"dbee564\"\n\t>\n\t\n\t\t\tFestival 2010\n\t\t<\/h3>\n\t\t\t\t\t\t\t\t<p class=\"about-body e-paragraph-base\" data-interaction-id=\"7aa90c9\"  data-e-type=\"widget\" data-id=\"7aa90c9\">\n\t\t\t\t\t\t\t\tKristoffer Hedberg | Strum | Amanda Selinder | So Geeks | Colours that Collide | A Vain Season | Dynamit | The Remains | Ett gram grus | Rialto | Elinor | The Sausage People\n\t\t\t\t\t<\/p>\n\t\t\t\t\t\t\t<h3 \n\t\tdata-interaction-id=\"90bdbd1\" \n\t\tclass=\"about-heading e-heading-base\" \n\t\t \n\t\tdata-e-type=\"widget\" data-id=\"90bdbd1\"\n\t>\n\t\n\t\t\tFestival 2009\n\t\t<\/h3>\n\t\t\t\t\t\t\t\t<p class=\"about-body e-paragraph-base\" data-interaction-id=\"6147012\"  data-e-type=\"widget\" data-id=\"6147012\">\n\t\t\t\t\t\t\t\tDoris Discotheque | Kristoffer Hedberg | The Safe Mode | Remedy | Vains | The Hazeflower Experience | The Remains | Elinor | The Sausage People\n\t\t\t\t\t<\/p>\n\t\t\t\t<\/div>\n\t\t\t\t<\/div>\n\t\t","protected":false},"excerpt":{"rendered":"<p>Historia Artister som spelat Alla artister genom \u00e5ren Festival 2025 Skriv ditt stycke h\u00e4r Festival 2024 Skriv ditt stycke h\u00e4r Festival 2023&hellip;<\/p>\n","protected":false},"author":1,"featured_media":0,"parent":331,"menu_order":1,"comment_status":"closed","ping_status":"closed","template":"","meta":{"_acf_changed":false,"footnotes":""},"class_list":["post-341","page","type-page","status-publish","hentry"],"acf":[],"_links":{"self":[{"href":"https:\/\/elinorspelen.sharpmedia.se\/index.php?rest_route=\/wp\/v2\/pages\/341","targetHints":{"allow":["GET"]}}],"collection":[{"href":"https:\/\/elinorspelen.sharpmedia.se\/index.php?rest_route=\/wp\/v2\/pages"}],"about":[{"href":"https:\/\/elinorspelen.sharpmedia.se\/index.php?rest_route=\/wp\/v2\/types\/page"}],"author":[{"embeddable":true,"href":"https:\/\/elinorspelen.sharpmedia.se\/index.php?rest_route=\/wp\/v2\/users\/1"}],"replies":[{"embeddable":true,"href":"https:\/\/elinorspelen.sharpmedia.se\/index.php?rest_route=%2Fwp%2Fv2%2Fcomments&post=341"}],"version-history":[{"count":0,"href":"https:\/\/elinorspelen.sharpmedia.se\/index.php?rest_route=\/wp\/v2\/pages\/341\/revisions"}],"up":[{"embeddable":true,"href":"https:\/\/elinorspelen.sharpmedia.se\/index.php?rest_route=\/wp\/v2\/pages\/331"}],"wp:attachment":[{"href":"https:\/\/elinorspelen.sharpmedia.se\/index.php?rest_route=%2Fwp%2Fv2%2Fmedia&parent=341"}],"curies":[{"name":"wp","href":"https:\/\/api.w.org\/{rel}","templated":true}]}}