{"id":338,"date":"2026-05-14T23:17:33","date_gmt":"2026-05-14T21:17:33","guid":{"rendered":"https:\/\/elinorspelen.sharpmedia.se\/?page_id=338"},"modified":"2026-05-16T19:52:09","modified_gmt":"2026-05-16T17:52:09","slug":"latskrivartavling","status":"publish","type":"page","link":"https:\/\/elinorspelen.sharpmedia.se\/?page_id=338","title":{"rendered":"L\u00e5tskrivart\u00e4vling"},"content":{"rendered":"\t\t<div data-elementor-type=\"wp-page\" data-elementor-id=\"338\" class=\"elementor elementor-338\" data-elementor-post-type=\"page\">\n\t\t\t\t<div class=\"elementor-element elementor-element-2f2120d e-con-full e-flex e-con e-parent\" data-id=\"2f2120d\" data-element_type=\"container\" data-e-type=\"container\" data-settings=\"{&quot;background_background&quot;:&quot;classic&quot;}\">\n\t\t<div class=\"elementor-element elementor-element-a7d7766 e-con-full e-flex e-con e-child\" data-id=\"a7d7766\" data-element_type=\"container\" data-e-type=\"container\">\n\t\t\t\t<div class=\"elementor-element elementor-element-01d4acf elementor-widget elementor-widget-heading\" data-id=\"01d4acf\" data-element_type=\"widget\" data-e-type=\"widget\" data-widget_type=\"heading.default\">\n\t\t\t\t\t<p class=\"elementor-heading-title elementor-size-default\">T\u00e4vling<\/p>\t\t\t\t<\/div>\n\t\t\t\t<div class=\"elementor-element elementor-element-9b49805 elementor-widget elementor-widget-heading\" data-id=\"9b49805\" data-element_type=\"widget\" data-e-type=\"widget\" data-widget_type=\"heading.default\">\n\t\t\t\t\t<h1 class=\"elementor-heading-title elementor-size-default\">L\u00e5tskrivart\u00e4vling<\/h1>\t\t\t\t<\/div>\n\t\t\t\t<\/div>\n\t\t\t\t<\/div>\n\t\t<div class=\"elementor-element elementor-element-2fd2e12 e-flex e-con-full e-con e-parent\" data-id=\"2fd2e12\" data-element_type=\"container\" data-e-type=\"container\" data-settings=\"{&quot;background_background&quot;:&quot;classic&quot;}\">\n\t\t\t\t\t\t\t<h2 \n\t\tdata-interaction-id=\"5133a1f\" \n\t\tclass=\"about-heading e-heading-base\" \n\t\t \n\t\tdata-e-type=\"widget\" data-id=\"5133a1f\"\n\t>\n\t\n\t\t\tL\u00e5tskrivart\u00e4vling\n\t\t<\/h2>\n\t\t\t\t\t\t\t\t<p class=\"about-body e-paragraph-base\" data-interaction-id=\"e75385f\"  data-e-type=\"widget\" data-id=\"e75385f\">\n\t\t\t\t\t\t\t\tIngen t\u00e4vling 2024\n\t\t\t\t\t<\/p>\n\t\t\t\t\t\t\t<h3 \n\t\tdata-interaction-id=\"dfe8c1d\" \n\t\tclass=\"about-heading e-heading-base\" \n\t\t \n\t\tdata-e-type=\"widget\" data-id=\"dfe8c1d\"\n\t>\n\t\n\t\t\tRegler\n\t\t<\/h3>\n\t\t\t\t\t\t\t\t<p class=\"about-body e-paragraph-base\" data-interaction-id=\"445ee3f\"  data-e-type=\"widget\" data-id=\"445ee3f\">\n\t\t\t\t\t\t\t\tFestivalens publik v\u00e4ljer tv\u00e5 \u00e4mnen som l\u00e5tarna ska handla om, artisterna f\u00e5r sedan fyra timmar p\u00e5 sig att skriva en l\u00e5t. De nyskrivna l\u00e5tarna framf\u00f6rs inf\u00f6r publik kl 21:30, publiken f\u00e5r sedan bed\u00f6ma (via r\u00f6stning) vem som gjort den b\u00e4sta l\u00e5ten.\n\t\t\t\t\t<\/p>\n\t\t\t\t\t\t\t<h3 \n\t\tdata-interaction-id=\"b971d15\" \n\t\tclass=\"about-heading e-heading-base\" \n\t\t \n\t\tdata-e-type=\"widget\" data-id=\"b971d15\"\n\t>\n\t\n\t\t\tL\u00e5tens l\u00e4ngd\n\t\t<\/h3>\n\t\t\t\t\t\t\t\t<p class=\"about-body e-paragraph-base\" data-interaction-id=\"2a34c56\"  data-e-type=\"widget\" data-id=\"2a34c56\">\n\t\t\t\t\t\t\t\tL\u00e5ten ska minst vara 90 sekunder l\u00e5ng, och max 120 sekunder l\u00e5ng.\n\t\t\t\t\t<\/p>\n\t\t\t\t\t\t\t<h3 \n\t\tdata-interaction-id=\"4f667b4\" \n\t\tclass=\"about-heading e-heading-base\" \n\t\t \n\t\tdata-e-type=\"widget\" data-id=\"4f667b4\"\n\t>\n\t\n\t\t\tDeltagare\n\t\t<\/h3>\n\t\t\t\t\t\t\t\t<p class=\"about-body e-paragraph-base\" data-interaction-id=\"d6d1f94\"  data-e-type=\"widget\" data-id=\"d6d1f94\">\n\t\t\t\t\t\t\t\tVarje lag f\u00e5r best\u00e5 av 1-2 deltagare.\n\t\t\t\t\t<\/p>\n\t\t\t\t\t\t\t<h3 \n\t\tdata-interaction-id=\"29bb2d2\" \n\t\tclass=\"about-heading e-heading-base\" \n\t\t \n\t\tdata-e-type=\"widget\" data-id=\"29bb2d2\"\n\t>\n\t\n\t\t\tAnm\u00e4lan\n\t\t<\/h3>\n\t\t\t\t\t\t\t\t<p class=\"about-body e-paragraph-base\" data-interaction-id=\"de24a76\"  data-e-type=\"widget\" data-id=\"de24a76\">\n\t\t\t\t\t\t\t\tAnge lagnamn, att det g\u00e4ller l\u00e5tskrivart\u00e4vlingen och namn p\u00e5 alla deltagare. Anm\u00e4lan, senast 5:e aug (f\u00f6r att vara s\u00e4ker p\u00e5 en plats), och fr\u00e5gor skickas till info@elinorspelen.se\n\t\t\t\t\t<\/p>\n\t\t\t\t<\/div>\n\t\t\t\t<\/div>\n\t\t","protected":false},"excerpt":{"rendered":"<p>T\u00e4vling L\u00e5tskrivart\u00e4vling L\u00e5tskrivart\u00e4vling Ingen t\u00e4vling 2024 Regler Festivalens publik v\u00e4ljer tv\u00e5 \u00e4mnen som l\u00e5tarna ska handla om, artisterna f\u00e5r sedan fyra timmar&hellip;<\/p>\n","protected":false},"author":1,"featured_media":0,"parent":330,"menu_order":6,"comment_status":"closed","ping_status":"closed","template":"","meta":{"_acf_changed":false,"footnotes":""},"class_list":["post-338","page","type-page","status-publish","hentry"],"acf":[],"_links":{"self":[{"href":"https:\/\/elinorspelen.sharpmedia.se\/index.php?rest_route=\/wp\/v2\/pages\/338","targetHints":{"allow":["GET"]}}],"collection":[{"href":"https:\/\/elinorspelen.sharpmedia.se\/index.php?rest_route=\/wp\/v2\/pages"}],"about":[{"href":"https:\/\/elinorspelen.sharpmedia.se\/index.php?rest_route=\/wp\/v2\/types\/page"}],"author":[{"embeddable":true,"href":"https:\/\/elinorspelen.sharpmedia.se\/index.php?rest_route=\/wp\/v2\/users\/1"}],"replies":[{"embeddable":true,"href":"https:\/\/elinorspelen.sharpmedia.se\/index.php?rest_route=%2Fwp%2Fv2%2Fcomments&post=338"}],"version-history":[{"count":0,"href":"https:\/\/elinorspelen.sharpmedia.se\/index.php?rest_route=\/wp\/v2\/pages\/338\/revisions"}],"up":[{"embeddable":true,"href":"https:\/\/elinorspelen.sharpmedia.se\/index.php?rest_route=\/wp\/v2\/pages\/330"}],"wp:attachment":[{"href":"https:\/\/elinorspelen.sharpmedia.se\/index.php?rest_route=%2Fwp%2Fv2%2Fmedia&parent=338"}],"curies":[{"name":"wp","href":"https:\/\/api.w.org\/{rel}","templated":true}]}}