{"id":337,"date":"2026-05-14T23:17:33","date_gmt":"2026-05-14T21:17:33","guid":{"rendered":"https:\/\/elinorspelen.sharpmedia.se\/?page_id=337"},"modified":"2026-05-16T19:52:09","modified_gmt":"2026-05-16T17:52:09","slug":"beachhandboll","status":"publish","type":"page","link":"https:\/\/elinorspelen.sharpmedia.se\/?page_id=337","title":{"rendered":"Beachhandboll"},"content":{"rendered":"\t\t<div data-elementor-type=\"wp-page\" data-elementor-id=\"337\" class=\"elementor elementor-337\" data-elementor-post-type=\"page\">\n\t\t\t\t<div class=\"elementor-element elementor-element-8c3d0f0 e-con-full e-flex e-con e-parent\" data-id=\"8c3d0f0\" data-element_type=\"container\" data-e-type=\"container\" data-settings=\"{&quot;background_background&quot;:&quot;classic&quot;}\">\n\t\t<div class=\"elementor-element elementor-element-78eacd1 e-con-full e-flex e-con e-child\" data-id=\"78eacd1\" data-element_type=\"container\" data-e-type=\"container\">\n\t\t\t\t<div class=\"elementor-element elementor-element-004036e elementor-widget elementor-widget-heading\" data-id=\"004036e\" data-element_type=\"widget\" data-e-type=\"widget\" data-widget_type=\"heading.default\">\n\t\t\t\t\t<p class=\"elementor-heading-title elementor-size-default\">Turnering<\/p>\t\t\t\t<\/div>\n\t\t\t\t<div class=\"elementor-element elementor-element-f8d80e2 elementor-widget elementor-widget-heading\" data-id=\"f8d80e2\" data-element_type=\"widget\" data-e-type=\"widget\" data-widget_type=\"heading.default\">\n\t\t\t\t\t<h1 class=\"elementor-heading-title elementor-size-default\">Beachhandboll<\/h1>\t\t\t\t<\/div>\n\t\t\t\t<\/div>\n\t\t\t\t<\/div>\n\t\t<div class=\"elementor-element elementor-element-9bc1eeb e-flex e-con-full e-con e-child\" data-id=\"9bc1eeb\" data-element_type=\"container\" data-e-type=\"container\" data-settings=\"{&quot;background_background&quot;:&quot;classic&quot;}\">\n\t\t\t\t\t\t\t<h2 \n\t\tdata-interaction-id=\"bee1365\" \n\t\tclass=\"about-heading e-heading-base\" \n\t\t \n\t\tdata-e-type=\"widget\" data-id=\"bee1365\"\n\t>\n\t\n\t\t\tBeachhandboll\n\t\t<\/h2>\n\t\t\t\t\t\t\t\t<p class=\"about-body e-paragraph-base\" data-interaction-id=\"237240f\"  data-e-type=\"widget\" data-id=\"237240f\">\n\t\t\t\t\t\t\t\tIngen turnering 2024\n\t\t\t\t\t<\/p>\n\t\t\t\t\t\t\t<h3 \n\t\tdata-interaction-id=\"790bc0d\" \n\t\tclass=\"about-heading e-heading-base\" \n\t\t \n\t\tdata-e-type=\"widget\" data-id=\"790bc0d\"\n\t>\n\t\n\t\t\tFyra spelare per lag\n\t\t<\/h3>\n\t\t\t\t\t\t\t\t<p class=\"about-body e-paragraph-base\" data-interaction-id=\"5ef4aa8\"  data-e-type=\"widget\" data-id=\"5ef4aa8\">\n\t\t\t\t\t\t\t\tEtt lag best\u00e5r av 4 spelare (fria antal avbytare). Varje spelare f\u00e5r deltaga i max ett lag. Det \u00e4r okej att spela med 1-4 spelare p\u00e5 plan.\n\t\t\t\t\t<\/p>\n\t\t\t\t\t\t\t<h3 \n\t\tdata-interaction-id=\"9fe2de0\" \n\t\tclass=\"about-heading e-heading-base\" \n\t\t \n\t\tdata-e-type=\"widget\" data-id=\"9fe2de0\"\n\t>\n\t\n\t\t\tRegler\n\t\t<\/h3>\n\t\t\t\t\t\t\t\t<p class=\"about-body e-paragraph-base\" data-interaction-id=\"8e4b719\"  data-e-type=\"widget\" data-id=\"8e4b719\">\n\t\t\t\t\t\t\t\tInkast - kommer bollen utanf\u00f6r planen f\u00e5r den spelare som h\u00e4mtar bollen kasta in den p\u00e5 plan. Matchtid best\u00e4ms n\u00e4r vi vet hur m\u00e5nga lag som kommer att delta, ca 2x5 min.\n\t\t\t\t\t<\/p>\n\t\t\t\t\t\t\t\t<p class=\"about-body e-paragraph-base\" data-interaction-id=\"2a74b1d\"  data-e-type=\"widget\" data-id=\"2a74b1d\">\n\t\t\t\t\t\t\t\tFria byten. Man f\u00e5r bara deltaga i ett lag! Laget som gjort flest m\u00e5l efter tv\u00e5 halvlekar vinner matchen (Inget 'Shoot out' vid oavgjort resultat). Alla m\u00e5l ger 1 po\u00e4ng.\n\t\t\t\t\t<\/p>\n\t\t\t\t\t\t\t\t<p class=\"about-body e-paragraph-base\" data-interaction-id=\"5db094c\"  data-e-type=\"widget\" data-id=\"5db094c\">\n\t\t\t\t\t\t\t\tStudsa bollen - anv\u00e4nd h\u00e4nderna. Rulla eller l\u00e4gg ner bollen i max tre sekunder (r\u00e4knas p\u00e5 samma s\u00e4tt som en studs).\n\t\t\t\t\t<\/p>\n\t\t\t\t\t\t\t<h3 \n\t\tdata-interaction-id=\"4347c89\" \n\t\tclass=\"about-heading e-heading-base\" \n\t\t \n\t\tdata-e-type=\"widget\" data-id=\"4347c89\"\n\t>\n\t\n\t\t\tGl\u00e4dje\n\t\t<\/h3>\n\t\t\t\t\t\t\t\t<p class=\"about-body e-paragraph-base\" data-interaction-id=\"8f55443\"  data-e-type=\"widget\" data-id=\"8f55443\">\n\t\t\t\t\t\t\t\tTanken med turneringarna \u00e4r framf\u00f6rallt att ha kul, vi f\u00f6ruts\u00e4tter fair play.\n\t\t\t\t\t<\/p>\n\t\t\t\t\t\t\t<h3 \n\t\tdata-interaction-id=\"beab538\" \n\t\tclass=\"about-heading e-heading-base\" \n\t\t \n\t\tdata-e-type=\"widget\" data-id=\"beab538\"\n\t>\n\t\n\t\t\tAnm\u00e4lan\n\t\t<\/h3>\n\t\t\t\t\t\t\t\t<p class=\"about-body e-paragraph-base\" data-interaction-id=\"b19ef9a\"  data-e-type=\"widget\" data-id=\"b19ef9a\">\n\t\t\t\t\t\t\t\tAnge lagnamn, att det g\u00e4ller beachhandboll och namn p\u00e5 alla spelare i anm\u00e4lan (spelarna kan \u00e4ndras fram tills speldagen). Anm\u00e4lan, senast 5:e aug (f\u00f6r att vara s\u00e4ker p\u00e5 en plats), och fr\u00e5gor skickas till info@elinorspelen.se\n\t\t\t\t\t<\/p>\n\t\t\t\t<\/div>\n\t\t\t\t<\/div>\n\t\t","protected":false},"excerpt":{"rendered":"<p>Turnering Beachhandboll Beachhandboll Ingen turnering 2024 Fyra spelare per lag Ett lag best\u00e5r av 4 spelare (fria antal avbytare). Varje spelare f\u00e5r&hellip;<\/p>\n","protected":false},"author":1,"featured_media":0,"parent":330,"menu_order":5,"comment_status":"closed","ping_status":"closed","template":"","meta":{"_acf_changed":false,"footnotes":""},"class_list":["post-337","page","type-page","status-publish","hentry"],"acf":[],"_links":{"self":[{"href":"https:\/\/elinorspelen.sharpmedia.se\/index.php?rest_route=\/wp\/v2\/pages\/337","targetHints":{"allow":["GET"]}}],"collection":[{"href":"https:\/\/elinorspelen.sharpmedia.se\/index.php?rest_route=\/wp\/v2\/pages"}],"about":[{"href":"https:\/\/elinorspelen.sharpmedia.se\/index.php?rest_route=\/wp\/v2\/types\/page"}],"author":[{"embeddable":true,"href":"https:\/\/elinorspelen.sharpmedia.se\/index.php?rest_route=\/wp\/v2\/users\/1"}],"replies":[{"embeddable":true,"href":"https:\/\/elinorspelen.sharpmedia.se\/index.php?rest_route=%2Fwp%2Fv2%2Fcomments&post=337"}],"version-history":[{"count":0,"href":"https:\/\/elinorspelen.sharpmedia.se\/index.php?rest_route=\/wp\/v2\/pages\/337\/revisions"}],"up":[{"embeddable":true,"href":"https:\/\/elinorspelen.sharpmedia.se\/index.php?rest_route=\/wp\/v2\/pages\/330"}],"wp:attachment":[{"href":"https:\/\/elinorspelen.sharpmedia.se\/index.php?rest_route=%2Fwp%2Fv2%2Fmedia&parent=337"}],"curies":[{"name":"wp","href":"https:\/\/api.w.org\/{rel}","templated":true}]}}