{"id":336,"date":"2026-05-14T23:17:33","date_gmt":"2026-05-14T21:17:33","guid":{"rendered":"https:\/\/elinorspelen.sharpmedia.se\/?page_id=336"},"modified":"2026-05-16T19:52:09","modified_gmt":"2026-05-16T17:52:09","slug":"beachfotboll","status":"publish","type":"page","link":"https:\/\/elinorspelen.sharpmedia.se\/?page_id=336","title":{"rendered":"Beachfotboll"},"content":{"rendered":"\t\t<div data-elementor-type=\"wp-page\" data-elementor-id=\"336\" class=\"elementor elementor-336\" data-elementor-post-type=\"page\">\n\t\t\t\t<div class=\"elementor-element elementor-element-e721b14 e-con-full e-flex e-con e-parent\" data-id=\"e721b14\" data-element_type=\"container\" data-e-type=\"container\" data-settings=\"{&quot;background_background&quot;:&quot;classic&quot;}\">\n\t\t<div class=\"elementor-element elementor-element-081e90d e-con-full e-flex e-con e-child\" data-id=\"081e90d\" data-element_type=\"container\" data-e-type=\"container\">\n\t\t\t\t<div class=\"elementor-element elementor-element-9a1cc57 elementor-widget elementor-widget-heading\" data-id=\"9a1cc57\" data-element_type=\"widget\" data-e-type=\"widget\" data-widget_type=\"heading.default\">\n\t\t\t\t\t<p class=\"elementor-heading-title elementor-size-default\">Turnering<\/p>\t\t\t\t<\/div>\n\t\t\t\t<div class=\"elementor-element elementor-element-1c45818 elementor-widget elementor-widget-heading\" data-id=\"1c45818\" data-element_type=\"widget\" data-e-type=\"widget\" data-widget_type=\"heading.default\">\n\t\t\t\t\t<h1 class=\"elementor-heading-title elementor-size-default\">Beachfotboll<\/h1>\t\t\t\t<\/div>\n\t\t\t\t<\/div>\n\t\t\t\t<\/div>\n\t\t<div class=\"elementor-element elementor-element-00ec1a5 e-flex e-con-full e-con e-child\" data-id=\"00ec1a5\" data-element_type=\"container\" data-e-type=\"container\" data-settings=\"{&quot;background_background&quot;:&quot;classic&quot;}\">\n\t\t\t\t\t\t\t<h2 \n\t\tdata-interaction-id=\"ac6244f\" \n\t\tclass=\"about-heading e-heading-base\" \n\t\t \n\t\tdata-e-type=\"widget\" data-id=\"ac6244f\"\n\t>\n\t\n\t\t\tBeachfotboll\n\t\t<\/h2>\n\t\t\t\t\t\t\t\t<p class=\"about-body e-paragraph-base\" data-interaction-id=\"3b34678\"  data-e-type=\"widget\" data-id=\"3b34678\">\n\t\t\t\t\t\t\t\tIngen turnering 2024\n\t\t\t\t\t<\/p>\n\t\t\t\t\t\t\t<h3 \n\t\tdata-interaction-id=\"2a7a922\" \n\t\tclass=\"about-heading e-heading-base\" \n\t\t \n\t\tdata-e-type=\"widget\" data-id=\"2a7a922\"\n\t>\n\t\n\t\t\tTre spelare per lag\n\t\t<\/h3>\n\t\t\t\t\t\t\t\t<p class=\"about-body e-paragraph-base\" data-interaction-id=\"a14289c\"  data-e-type=\"widget\" data-id=\"a14289c\">\n\t\t\t\t\t\t\t\tEtt lag best\u00e5r av 3 spelare (fria antal avbytare). Varje spelare f\u00e5r deltaga i max ett beachfotbollslag. Det \u00e4r okej att spela med 1-3 spelare p\u00e5 plan.\n\t\t\t\t\t<\/p>\n\t\t\t\t\t\t\t<h3 \n\t\tdata-interaction-id=\"6f0cfd4\" \n\t\tclass=\"about-heading e-heading-base\" \n\t\t \n\t\tdata-e-type=\"widget\" data-id=\"6f0cfd4\"\n\t>\n\t\n\t\t\tRegler\n\t\t<\/h3>\n\t\t\t\t\t\t\t\t<p class=\"about-body e-paragraph-base\" data-interaction-id=\"42b728e\"  data-e-type=\"widget\" data-id=\"42b728e\">\n\t\t\t\t\t\t\t\tInga inkast - kommer bollen utanf\u00f6r planen f\u00e5r den spelare som h\u00e4mtar bollen sl\u00e5 in den p\u00e5 plan.\nMatchtid best\u00e4ms n\u00e4r vi vet hur m\u00e5nga lag som kommer att delta, ca 2x5 min. Fria byten.\n\t\t\t\t\t<\/p>\n\t\t\t\t\t\t\t\t<p class=\"about-body e-paragraph-base\" data-interaction-id=\"8d332ac\"  data-e-type=\"widget\" data-id=\"8d332ac\">\n\t\t\t\t\t\t\t\tMan f\u00e5r bara deltaga i ett fotbollslag!\n\t\t\t\t\t<\/p>\n\t\t\t\t\t\t\t<h3 \n\t\tdata-interaction-id=\"3b0491e\" \n\t\tclass=\"about-heading e-heading-base\" \n\t\t \n\t\tdata-e-type=\"widget\" data-id=\"3b0491e\"\n\t>\n\t\n\t\t\tGl\u00e4dje\n\t\t<\/h3>\n\t\t\t\t\t\t\t\t<p class=\"about-body e-paragraph-base\" data-interaction-id=\"7281354\"  data-e-type=\"widget\" data-id=\"7281354\">\n\t\t\t\t\t\t\t\tTanken med turneringarna \u00e4r framf\u00f6rallt att ha kul, vi f\u00f6ruts\u00e4tter fair play.\n\t\t\t\t\t<\/p>\n\t\t\t\t\t\t\t<h3 \n\t\tdata-interaction-id=\"550d537\" \n\t\tclass=\"about-heading e-heading-base\" \n\t\t \n\t\tdata-e-type=\"widget\" data-id=\"550d537\"\n\t>\n\t\n\t\t\tAnm\u00e4lan\n\t\t<\/h3>\n\t\t\t\t\t\t\t\t<p class=\"about-body e-paragraph-base\" data-interaction-id=\"a5fb5ae\"  data-e-type=\"widget\" data-id=\"a5fb5ae\">\n\t\t\t\t\t\t\t\tAnge lagnamn, att det g\u00e4ller beachfotboll och namn p\u00e5 alla spelare i anm\u00e4lan (spelarna kan \u00e4ndras fram tills speldagen). Anm\u00e4lan, senast 5:e aug (f\u00f6r att vara s\u00e4ker p\u00e5 en plats), och fr\u00e5gor skickas till info@elinorspelen.se\n\t\t\t\t\t<\/p>\n\t\t\t\t<\/div>\n\t\t\t\t<\/div>\n\t\t","protected":false},"excerpt":{"rendered":"<p>Turnering Beachfotboll Beachfotboll Ingen turnering 2024 Tre spelare per lag Ett lag best\u00e5r av 3 spelare (fria antal avbytare). Varje spelare f\u00e5r&hellip;<\/p>\n","protected":false},"author":1,"featured_media":0,"parent":330,"menu_order":4,"comment_status":"closed","ping_status":"closed","template":"","meta":{"_acf_changed":false,"footnotes":""},"class_list":["post-336","page","type-page","status-publish","hentry"],"acf":[],"_links":{"self":[{"href":"https:\/\/elinorspelen.sharpmedia.se\/index.php?rest_route=\/wp\/v2\/pages\/336","targetHints":{"allow":["GET"]}}],"collection":[{"href":"https:\/\/elinorspelen.sharpmedia.se\/index.php?rest_route=\/wp\/v2\/pages"}],"about":[{"href":"https:\/\/elinorspelen.sharpmedia.se\/index.php?rest_route=\/wp\/v2\/types\/page"}],"author":[{"embeddable":true,"href":"https:\/\/elinorspelen.sharpmedia.se\/index.php?rest_route=\/wp\/v2\/users\/1"}],"replies":[{"embeddable":true,"href":"https:\/\/elinorspelen.sharpmedia.se\/index.php?rest_route=%2Fwp%2Fv2%2Fcomments&post=336"}],"version-history":[{"count":0,"href":"https:\/\/elinorspelen.sharpmedia.se\/index.php?rest_route=\/wp\/v2\/pages\/336\/revisions"}],"up":[{"embeddable":true,"href":"https:\/\/elinorspelen.sharpmedia.se\/index.php?rest_route=\/wp\/v2\/pages\/330"}],"wp:attachment":[{"href":"https:\/\/elinorspelen.sharpmedia.se\/index.php?rest_route=%2Fwp%2Fv2%2Fmedia&parent=336"}],"curies":[{"name":"wp","href":"https:\/\/api.w.org\/{rel}","templated":true}]}}